rime factors of (d - 13)/((-2)/2)?
2, 3
Suppose -3*z + 0 = -6. What are the prime factors of z?
2
Suppose -84 = -5*f + 21. What are the prime factors of f?
3, 7
Suppose 3*u = 4*u + 1. Let w = 12 + u. List the prime factors of w.
11
Let a be 4*(-2 - 3/3). Let z = -6 - a. List the prime factors of z.
2, 3
Suppose 4*h - 2*b = 148, 2*h + 0*b - 84 = -4*b. Suppose -5*g + g = 2*c - h, 3*c - 45 = -2*g. What are the prime factors of c?
13
Let u be -1 + (-12)/3 + 2. Let b be 1 + u*(-1)/3. Suppose b*p - 2*l = -4, 5*l - 29 = -3*p + l. What are the prime factors of p?
3
Let p be -7 - (0 - -2)*1. Let u = p - -21. List the prime factors of u.
2, 3
Let p(y) = -y**3 + y + 1. Let n(d) = -2*d**3 + 2*d + 2. Let k(w) = -6*n(w) + 14*p(w). List the prime factors of k(-2).
2, 7
Suppose 5*c + 3*j - 46 = 0, 0 = -0*c - c + 4*j. Let t(s) = 3 - 13 + 6*s - 4*s. List the prime factors of t(c).
2, 3
Suppose -3*k + 18 + 0 = 0. Let r be k/(-9) - 24/(-9). Let q(y) = 3*y + 2. What are the prime factors of q(r)?
2
Suppose -9*k + 33 = -1641. What are the prime factors of k?
2, 3, 31
Suppose 3*i - 5*q = 186, -4*q - 107 + 38 = -i. What are the prime factors of i?
3, 19
Suppose 3*n + 3*f = 5*f - 2, 3*f = -3*n + 18. Suppose n*w = -3*w + 75. What are the prime factors of w?
3, 5
Suppose 3*y - 69 = d, 0 = -y + 5*y - 3*d - 92. List the prime factors of y.
23
Suppose 5*q + 18 - 2 = 2*r, 2*q - 11 = -5*r. Suppose 148 = 4*k + 3*o, -4*k + r*o = -2*o - 180. Suppose l = 5*l - k. List the prime factors of l.
2, 5
Suppose 12 = -4*b - 0, -n + 18 = 2*b. List the prime factors of n/14*56/8.
2, 3
Let n = -302 + 445. List the prime factors of n.
11, 13
Suppose 2*t = -t + 180. Suppose 5*q - 75 = t. What are the prime factors of q?
3
Let d be -3 - (5*4)/(-2). Let y(q) = q**2 - 6*q + 9. Let p be y(d). Let n = -9 + p. List the prime factors of n.
7
Let k(q) be the second derivative of -q**4/12 - 2*q**3 - 5*q**2/2 - 4*q. What are the prime factors of k(-10)?
3, 5
What are the prime factors of ((0 - -2) + 546)*36/72?
2, 137
Let q = -24 - -32. List the prime factors of q.
2
Suppose 2 = d, 2*d + 1 = 4*x - 7. Let m(o) = -2*o**2 - 5*o**2 - 6*o - o - o**x + 3 + 0*o**3. List the prime factors of m(-6).
3
Let c = -104 - -59. List the prime factors of (-4)/(-10) + (-1377)/c.
31
Let u = 210 + -132. What are the prime factors of u?
2, 3, 13
Let q(g) = -g**2 - 20*g - 21. List the prime factors of q(-10).
79
What are the prime factors of 9114/91 + (-4)/26?
2, 5
Suppose 2*l + 6 + 6 = 0. Let h = -8 - l. List the prime factors of 1 + ((-7)/(-1) - h).
2, 5
Let k(v) = 2*v**3 + 4*v + 6. What are the prime factors of k(5)?
2, 3, 23
Suppose 2*c = -4*o + 992, -5*o = -2*o - 4*c - 722. What are the prime factors of o?
2, 3, 41
Let y(i) = -i**3 - 2*i**2 - i + 2. Let v be y(-2). Let c(o) = 6*o - 1. List the prime factors of c(v).
23
Let l be (-2*1)/(10/(-25)). Let b = 18 - l. List the prime factors of b.
13
List the prime factors of ((-64)/(-20))/(-4)*-2*40.
2
Let d(r) = -r + 11. Let j be d(11). Suppose j = 2*u + 11 - 41. List the prime factors of u.
3, 5
Let x(j) = -j - 2. Let c(i) = i**3 + 6*i**2 + 7*i + 4. Let r be c(-5). Let f = 0 + r. What are the prime factors of x(f)?
2
What are the prime factors of 0 + 12/(-8)*-62?
3, 31
Let c be ((-1)/2)/(1/2). Let b(k) = 13*k**2 + k + 1. Let g be b(c). Let w = 2 + g. List the prime factors of w.
3, 5
Let y be 110/6 - 6/18. Suppose y = -0*q + q. Suppose -l - 2*l = -q. List the prime factors of l.
2, 3
Let f = -340 + 479. What are the prime factors of f?
139
Let f(m) = 2*m + 7. What are the prime factors of f(0)?
7
Let s(g) = -g**3 - 4*g**2 + 5*g + 6. Let o(h) = -h**2 - 5*h + 3. Let a be o(-5). Suppose -a*q = -3*u + 23 + 1, 1 = q + 2*u. List the prime factors of s(q).
2, 3
Suppose o - 464 = -5*h, 7*o = h + 2*o - 72. List the prime factors of h.
2, 23
Let d = 9 + -1. Suppose 1 = c - z + 2, 2*c = -3*z + d. Suppose -c - 4 = -s. What are the prime factors of s?
5
Suppose 0 = 3*m + 2*h - 6 - 0, 15 = 5*h. Suppose 0 = p + 3*c + 15, 13 + 12 = 4*p - 5*c. Suppose p*t - 3*t + 18 = m. List the prime factors of t.
2, 3
Let a be 0/(-4) + 8 + 0. Let q be a/1*5/10. Suppose -q*j = -1 - 15. List the prime factors of j.
2
Let v(k) = k**2 - 6*k + 3. Let f be v(6). Let t be (4/(-6))/(2/f). List the prime factors of (t + (-4 - -2))*-2.
2, 3
Let o = -2 + 4. Suppose -o*m - 3 - 13 = -2*f, -3*m - 34 = -4*f. List the prime factors of f.
2, 5
Let z be 7 + 1 + (-1 - -2). Let t(y) = y**3 - 8*y**2 - 9*y + 7. What are the prime factors of t(z)?
7
Let y = 56 - 37. List the prime factors of y.
19
Suppose -q - 55 = -6*q. List the prime factors of q.
11
Let r = -18 + -11. Let i = -19 - r. Let c = i + -6. What are the prime factors of c?
2
Let r(z) be the first derivative of -1 + 1/3*z**3 + 0*z**2 - 7/4*z**4 + 0*z. List the prime factors of r(-1).
2
Let n(k) = -5*k + 3. Let o be n(-6). Suppose 2*f - 2*w = 50, 0*f + 3*w - o = -f. What are the prime factors of f?
3
What are the prime factors of 99 + -1*(3 - 0)/(-3)?
2, 5
Suppose b = -b + 4. List the prime factors of (-105)/(-9) - b/3.
11
Suppose -2*y + 2 = -22. What are the prime factors of y?
2, 3
Suppose 3*c = 3*w + 69, 3*c + w + 3*w - 97 = 0. Suppose 0 = -3*p + 3*o + c, -2*o + 8 = -0*o. List the prime factors of p.
13
Suppose -2*v - 7 = -2*s - 19, -11 = -3*v - 4*s. Suppose -v*d = 3*j - 53, -2*d + 45 = 3*d + 5*j. What are the prime factors of d?
13
Suppose -2*d = -3*d + 6. Suppose 0 = u - d - 3. What are the prime factors of u?
3
Suppose -100 = -2*u + 116. What are the prime factors of u?
2, 3
Let a(n) = -n**3 - 6*n**2 - n - 1. Let t be a(-6). Let u = -2 - t. Let p(z) = z**2 + 7*z + 4. What are the prime factors of p(u)?
2
Let q(m) = m**2 - 5*m + 5. Let w be (-2)/(-1 + 4/6). What are the prime factors of q(w)?
11
Suppose k = 4*j - 2*j + 33, -5*j + 40 = k. What are the prime factors of k?
5, 7
Suppose -4*m = -3*r - 3, 7*m - 3*m + 5*r + 37 = 0. Let v be m - 1/(-1) - -2. Suppose v = -2*z + 3*z - 4. What are the prime factors of z?
2
Let z(c) = -2*c - 9. List the prime factors of z(-7).
5
Let o(h) = -2*h**3 - 7*h**2 - h - 19. What are the prime factors of o(-6)?
167
Let a = 68 + 53. What are the prime factors of a?
11
Let m(t) be the second derivative of -43*t**3/6 - t**2 + 3*t. Let q(p) = -22*p - 1. Let z(g) = 6*m(g) - 11*q(g). What are the prime factors of z(-1)?
3, 5
Let z(f) be the second derivative of -f**3/6 - 2*f. Let u be z(2). Let a = u - -10. What are the prime factors of a?
2
Let u = 180 - 64. Let v be (-2)/(-6) + u/12. Suppose 3*n = v - 22, 4*y - 4*n = 36. What are the prime factors of y?
5
Suppose -5*o + 225 + 80 = -k, -2*k = 0. Suppose 0*g = -3*a - 5*g + o, -3*g + 57 = 3*a. List the prime factors of a.
17
Let a = 244 + -136. What are the prime factors of a?
2, 3
Let l(p) = p**2 + p - 1. Let h(f) = -f**2 + 5*f + 2. Let i be h(6). What are the prime factors of l(i)?
11
Let q = -78 + 184. What are the prime factors of q?
2, 53
Let i(l) = -4*l. Let j(q) = q**2 - 17*q - 1. Let u(r) = -9*i(r) + 2*j(r). Let p be u(-2). Let h = 0 + p. What are the prime factors of h?
2
Let k(j) = j**3 - 4*j**2 + 2*j - 3. Suppose -5*c = 6 - 26. What are the prime factors of k(c)?
5
Suppose 12*x - 69 = 11*x. Suppose 2*r = -f + 31, -f + 5*f - x = 3*r. List the prime factors of f.
3, 7
Suppose 6*o - 2*o + 176 = 0. Let c = -31 - o. List the prime factors of c.
13
Suppose 3*p = -3*i - 18, -i + 6*i = 2*p - 65. Let d = -26 - -25. Let k = d - i. What are the prime factors of k?
2, 5
Suppose -61 + 1 = -5*x. What are the prime factors of x?
2, 3
Suppose 173 = 4*v - 91. What are the prime factors of v?
2, 3, 11
Let r = -19 - -4. Let s be 12/15*r/(-3). Let w = -2 + s. List the prime factors of w.
2
Suppose 5*l + 12 = -w - 5, 3*w = -4*l + 4. What are the prime factors of w?
2
Let y(t) = -t - 3. Let l be y(-5). Suppose -4*c + 168 = -n, -l*c + 53 = -c - 3*n. List the prime factors of c.
41
Suppose -2*j + 43 = -j. What are the prime factors of j?
43
Suppose s = 4*s - 9. Suppose 0 = -3*h + s + 24. List the prime factors of h.
3
Let l(j) = j - 4. Let g be l(6). Let v = g + 0. List the prime factors of 11 + -3 + 2 + v.
2, 3
Let r(o) = -o**2 - 7*o - 10. Let v(z) = -z - 15. Let p be v(-11). List the prime factors of r(p).
2
Suppose 91 = y + k + 4*k, 2*y = -5*k + 162. Let o = -44 + y. What are the prime facto